{"id":37,"date":"2021-10-27T08:57:39","date_gmt":"2021-10-27T08:57:39","guid":{"rendered":"https:\/\/www.slrgrichterswil.ch\/?page_id=37"},"modified":"2021-10-27T08:57:40","modified_gmt":"2021-10-27T08:57:40","slug":"aktive","status":"publish","type":"page","link":"https:\/\/www.slrgrichterswil.ch\/?page_id=37","title":{"rendered":"Aktive"},"content":{"rendered":"\n<p><strong>Aktive 1<\/strong><\/p>\n\n\n\n<div class=\"wp-block-group\"><div class=\"wp-block-group__inner-container is-layout-flow wp-block-group-is-layout-flow\">\n<p>Wir sind eine motivierte Trainingsgruppe, welche sich jeweils Montagabends auf diverse nationale und internationale Wettk\u00e4mpfe vorbereitet. Mit dieser Gruppe konnten wir schon einige sch\u00f6ne Erfolge erzielen. Jedoch kommen die Rettungs\u00fcbungen und der Spass nicht zu kurz.<\/p>\n\n\n\n<p>Wir freuen uns \u00fcber jeden neuen Teilnehmer.<br>Bei Fragen steht dir der technische Leiter gerne zu Verf\u00fcgung.<\/p>\n<\/div><\/div>\n\n\n\n<p><strong>Aktive 2<\/strong><\/p>\n\n\n\n<div class=\"wp-block-group\"><div class=\"wp-block-group__inner-container is-layout-flow wp-block-group-is-layout-flow\">\n<p>Aktive 2 steht f\u00fcr eine Trainingsgruppe, die nicht mehr an Wettk\u00e4mpfen teilnimmt, was aber nicht heisst, dass nichts mehr geleistet wird. Mit einem ausgekl\u00fcgeltem Konzept stellt der Trainer jedem Teilnehmer die passende Herausvorderung bereit. Dies erm\u00f6glicht sowohl dem Triathleten als auch dem Rentner ein gemeinsames Training.&nbsp;Nat\u00fcrlich&nbsp;kommt dabei die Gesseligkeit nicht zu kurz&#8230;.<\/p>\n\n\n\n<p>Jeder Interessierte ist herzlich bei uns eingeladen bei uns teilzunehmen.<br>Bei Fragen steht&nbsp;dir der technische Leiter gerne zu Verf\u00fcgung.<\/p>\n<\/div><\/div>\n\n\n\n<p><\/p>\n","protected":false},"excerpt":{"rendered":"<p>Aktive 1 Wir sind eine motivierte Trainingsgruppe, welche sich jeweils Montagabends auf diverse nationale und internationale Wettk\u00e4mpfe vorbereitet. Mit dieser Gruppe konnten wir schon einige sch\u00f6ne Erfolge erzielen. Jedoch kommen die Rettungs\u00fcbungen und der Spass nicht zu kurz. Wir freuen uns \u00fcber jeden neuen Teilnehmer.Bei Fragen steht dir der technische Leiter gerne zu Verf\u00fcgung. Aktive [&hellip;]<\/p>\n","protected":false},"author":1,"featured_media":0,"parent":0,"menu_order":0,"comment_status":"closed","ping_status":"closed","template":"","meta":{"footnotes":""},"class_list":["post-37","page","type-page","status-publish","hentry"],"_links":{"self":[{"href":"https:\/\/www.slrgrichterswil.ch\/index.php?rest_route=\/wp\/v2\/pages\/37","targetHints":{"allow":["GET"]}}],"collection":[{"href":"https:\/\/www.slrgrichterswil.ch\/index.php?rest_route=\/wp\/v2\/pages"}],"about":[{"href":"https:\/\/www.slrgrichterswil.ch\/index.php?rest_route=\/wp\/v2\/types\/page"}],"author":[{"embeddable":true,"href":"https:\/\/www.slrgrichterswil.ch\/index.php?rest_route=\/wp\/v2\/users\/1"}],"replies":[{"embeddable":true,"href":"https:\/\/www.slrgrichterswil.ch\/index.php?rest_route=%2Fwp%2Fv2%2Fcomments&post=37"}],"version-history":[{"count":1,"href":"https:\/\/www.slrgrichterswil.ch\/index.php?rest_route=\/wp\/v2\/pages\/37\/revisions"}],"predecessor-version":[{"id":38,"href":"https:\/\/www.slrgrichterswil.ch\/index.php?rest_route=\/wp\/v2\/pages\/37\/revisions\/38"}],"wp:attachment":[{"href":"https:\/\/www.slrgrichterswil.ch\/index.php?rest_route=%2Fwp%2Fv2%2Fmedia&parent=37"}],"curies":[{"name":"wp","href":"https:\/\/api.w.org\/{rel}","templated":true}]}}